**3 + x**2 - 4*x + 2. Determine f(1).
-3
Let o(d) = 3*d**3 - 4*d**2 + 15*d. Determine o(3).
90
Let o(y) = y**2 + 4*y - 44. Calculate o(6).
16
Let j(x) = -7*x**2 + 4*x + 3. What is j(-2)?
-33
Let y(a) = a**3 - 13*a**2 - 11*a - 39. Determine y(14).
3
Let n(t) = 2*t + 17. Determine n(-12).
-7
Let x(t) = -4*t + 15. Give x(17).
-53
Let f(d) = d**3 - 23*d**2 + 61*d - 26. Calculate f(20).
-6
Let a(i) = 18*i - 65. Determine a(4).
7
Let i(f) = -f**2 - 4*f + 498. Calculate i(20).
18
Let z(t) = 9*t**3 + t**2 + t + 1. Determine z(-1).
-8
Let u(p) = p**3 - 7*p**2 + 12*p - 1. What is u(5)?
9
Let s(g) = 2*g + 17. Give s(-11).
-5
Let a(r) = 14*r - 2. Determine a(-2).
-30
Let v(n) = n**3 - n**2 - 3*n + 2. Give v(3).
11
Let y(u) = -4*u**3 - 58*u**2 + 30*u + 6. Calculate y(-15).
6
Let s(c) = -c + 14. Determine s(10).
4
Let j(o) = o**2 - 3*o - 1. Calculate j(6).
17
Let t(c) = c**3 - 9*c**2 - 11*c - 14. What is t(10)?
-24
Let j(t) = 2*t + 4. Give j(3).
10
Let w(u) = u**2 + 3*u - 5. Calculate w(-5).
5
Let j(g) = -19*g**2 + g - 1. Calculate j(1).
-19
Let p(c) = -9*c**2 + 7*c + 9. What is p(-1)?
-7
Let p(i) = -2*i**2 - 14*i + 3. Determine p(-5).
23
Let j(t) = t**3 - 20*t**2 + 84*t - 9. Calculate j(14).
-9
Let i(p) = 26*p**2 - p - 2. What is i(-1)?
25
Let t(v) = 11*v**2 - 11*v - 11. Give t(-1).
11
Let v(h) = -h**3 - 4*h**2 - 2*h + 5. Calculate v(-3).
2
Let l(y) = 7*y**3 + 2*y**2 - y - 2. Calculate l(-1).
-6
Let b(n) = n**3 - 2*n**2 - 6*n - 38. What is b(5)?
7
Let c(b) = b + 37. Give c(-28).
9
Let b(n) = n**3 + 4*n**2 - 2*n - 6. Give b(-5).
-21
Let x(q) = -q + 8. Determine x(9).
-1
Let z(c) = -2*c - 4. Give z(-5).
6
Let h(z) = -24*z - 53. Calculate h(-2).
-5
Let h(t) = 12*t - 33. Calculate h(3).
3
Let l(o) = -3*o - 7. Give l(8).
-31
Let l(f) = 5*f - 26. Give l(6).
4
Let j(u) = 2*u**3 + 17*u**2 - 7*u + 13. What is j(-9)?
-5
Let o(k) = k**2 + 7*k + 6. Give o(-5).
-4
Let b(u) = 4*u**3 - u**2 + 2. Calculate b(-1).
-3
Let o(v) = v**3 - 10*v**2 + 16*v + 3. Give o(8).
3
Let a(i) = -i - 5. Calculate a(0).
-5
Let c(h) = -36*h - 29. Calculate c(-1).
7
Let z(a) = -4*a**2 + 20*a + 5. Determine z(5).
5
Let u(i) = -i**3 - 4*i**2 - 3*i - 6. Determine u(-4).
6
Let c(p) = -p**2 + 7*p - 3. Determine c(5).
7
Let u(p) = -3*p + 4. Give u(-5).
19
Let z(p) = -p**2 - 7*p - 7. Give z(-7).
-7
Let z(o) = o**2 - o. Calculate z(-7).
56
Let f(s) = -24*s**3 - s**2 + s - 1. Calculate f(1).
-25
Let j(h) = 11*h**3 + h**2 - 2*h - 2. What is j(-1)?
-10
Let o(b) = -24*b + 6. Give o(4).
-90
Let b(q) = q**2 - 2*q + 12. Calculate b(0).
12
Let q(y) = -2*y - 10. What is q(-5)?
0
Let j(f) = -f**3 + f**2 + f + 6. Give j(0).
6
Let w(c) = 2*c - 15. Determine w(6).
-3
Let w(k) = k**2 - 8*k + 11. Give w(9).
20
Let j(t) = 2*t**3 + 15*t**2 - 7*t - 5. What is j(-8)?
-13
Let v(o) = -o**2 + 9*o + 11. Give v(10).
1
Let o(n) = -n**3 - 3*n**2 + 47. Determine o(0).
47
Let y(f) = -f**2 - 3*f + 1. What is y(-5)?
-9
Let x(h) = h**2 - h + 2. Determine x(0).
2
Let t(j) = 15*j - 28. Determine t(2).
2
Let t(p) = 2*p**2 - 67*p - 30. Calculate t(34).
4
Let l(p) = -14*p**2 - 2*p - 1. Determine l(-1).
-13
Let n(w) = -4*w**2 + w - 10. Calculate n(-3).
-49
Let t(i) = -i**2 + i - 4. Give t(4).
-16
Let g(o) = -o**3 - 3*o**2 - 3*o - 2. What is g(-3)?
7
Let z(h) = 28*h - 10. Calculate z(1).
18
Let v(q) = 9*q**2 + 2*q + 2. Give v(-1).
9
Let w(t) = t**2 - 5*t - 11. What is w(8)?
13
Let q(j) = -j**3 + 8*j**2 - 11*j + 28. What is q(7)?
0
Let n(o) = -o**3 - 17*o**2 - 20*o - 10. Determine n(-16).
54
Let q(b) = -30*b**2 + 3*b - 1. Give q(1).
-28
Let a(v) = 3*v - 26. What is a(13)?
13
Let g(b) = 25*b**2 + 8*b - 9. Determine g(3).
240
Let d(i) = i**3 - 4*i**2 - 3*i - 6. Calculate d(5).
4
Let r(d) = d + 15. Give r(-16).
-1
Let p(f) = f**3 + 9*f**2 + 10*f. Determine p(-8).
-16
Let s(o) = 17*o**2 + 2*o + 1. What is s(1)?
20
Let q(j) = -j**3 - 4*j**2 + 5*j + 5. Determine q(-4).
-15
Let p(u) = -5*u + 14. Give p(6).
-16
Let a(b) = 25*b - 1. Determine a(-3).
-76
Let p(y) = 7*y**2 - 6*y - 6. Give p(4).
82
Let v(r) = 17*r + 1. What is v(-2)?
-33
Let f(d) = 9*d**3 - 2*d**2 + 2*d - 1. What is f(1)?
8
Let o(t) = -t**3 + 3*t**2 + 4*t - 4. Calculate o(3).
8
Let w(a) = a + 1. What is w(-11)?
-10
Let k(s) = -3*s**2 - 3*s - 5. What is k(4)?
-65
Let k(m) = m**2 + 3*m - 30. Calculate k(-9).
24
Let a(c) = -8*c**3 - 2*c**2 + 22*c + 23. Give a(-1).
7
Let f(v) = v - 11. Calculate f(0).
-11
Let y(q) = 10*q**2 - 2*q + 2. What is y(1)?
10
Let k(o) = -o + 11. Calculate k(10).
1
Let f(y) = y**3 + 33*y**2 + 60*y - 82. Determine f(-31).
-20
Let n(b) = -b**3 + 31*b**2 - 84*b + 7. Calculate n(28).
7
Let a(f) = -2*f**3 - 133*f**2 - 67*f - 70. Give a(-66).
-4
Let p(d) = -d**3 + 13*d**2 + 2*d - 15. Calculate p(13).
11
Let i(f) = -2*f**2 - 28*f - 17. Give i(-13).
9
Let d(f) = -2*f - 4. Give d(-2).
0
Let l(v) = 9*v + 20. What is l(-5)?
-25
Let n(t) = 11*t**2 + 97*t + 2. Calculate n(-9).
20
Let i(g) = 10*g - 82. Determine i(9).
8
Let d(h) = 14*h - 24. Calculate d(2).
4
Let x(q) = q**3 - 9*q**2 + 7*q - 7. Give x(6).
-73
Let p(h) = h + 29. Give p(-17).
12
Let h(w) = w**2 + 9*w - 23. Determine h(-11).
-1
Let f(o) = 2*o**2 + 44*o - 262. Determine f(-27).
8
Let q(f) = 8*f + 13. Give q(-3).
-11
Let h(g) = g**3 - 6*g**2 + 5*g - 3. What is h(3)?
-15
Let a(h) = -h**3 - 14*h**2 + 16*h + 13. Determine a(-15).
-2
Let q(c) = 2*c**2 - 27*c - 36. Calculate q(15).
9
Let p(n) = -n**3 - 5*n**2 - n + 8. Calculate p(-2).
-2
Let q(j) = j**3 + 10*j**2 + j + 14. Determine q(-10).
4
Let t(y) = y**3 - y**2 + y - 2. Calculate t(3).
19
Let q(f) = f**3 - 2*f**2 - 17*f + 21. Determine q(5).
11
Let u(k) = k**3 + 5*k**2 - 8*k + 9. Give u(-6).
21
Let x(o) = o**3 + 16*o**2 - o - 15. Determine x(-16).
1
Let d(b) = 2*b**3 + 10*b**2 + 5*b - 6. Give d(-6).
-108
Let h(s) = s**2 + 16*s + 85. What is h(-8)?
21
Let u(o) = -2*o**3 - o**2 + 3*o + 2. Give u(3).
-52
Let s(n) = n**2 + 7*n - 6. Give s(-6).
-12
Let q(u) = 20*u + 390. Determine q(-20).
-10
Let b(j) = -2*j**2 - 21*j + 17. Determine b(-11).
6
Let o(p) = 5*p + 6. Give o(-7).
-29
Let h(g) = g**2 + 24*g + 79. Calculate h(-20).
-1
Let t(r) = r**2 - 6*r - 6. Calculate t(6).
-6
Let d(l) = -12*l + 720. Determine d(59).
12
Let o(d) = 25*d + 853. Calculate o(-35).
-22
Let d(p) = -p**3 - 26*p**2 - p - 44. Determine d(-26).
-18
Let k(v) = -6*v + 9. Give k(-7).
51
Let g(i) = -i + 24. Determine g(14).
10
Let h(w) = 2*w - 16. What is h(-8)?
-32
Let x(g) = -5*g - 3. Give x(-4).
17
Let f(l) = -5*l - 47. Calculate f(-16).
33
Let l(p) = 7*p - 49. Determine l(6).
-7
Let y(m) = m**2 - 2*m - 22. Determine y(0).
-22
Let a(u) = 2*u**3 + 56*u**2 - 2*u - 48. Determine a(-28).
8
Let b(y) = -y**2 + 4*y. What is b(4)?
0
Let u(s) = 2*s**3 + 5*s**2 + 16*s - 4. Determine u(-4).
-116
Let j(r) = -5*r + 23. Give j(10).
-27
Let g(n) = -n**3 - n**2 + 11*n - 35. Give g(-5).
10
Let u(t) = -t**3 - 18*t**2 + 39*t - 34. Determine u(-20).
-14
Let l(d) = d**3 - 5*d + 2. What is l(-3)?
-10
Let g(x) = -x**3 - 7*x**2 - 2*x + 1. Calculate g(-6).
-23
Let k(u) = u**2 - 5*u - 5. What is k(6)?
1
Let u(l) = -2*l**3 + 3*l**2 - l + 14. What is u(3)?
-16
Let j(m) = -m**2 - 10*m - 21. Determine j(-9).
-12
Let f(v) = -v - 11. What is f(0)?
-11
Let h(c) = -34*c**3 - 2*c + 1. What is h(1)?
-35
Let t(s) = -s**3 + 6*s**2 - 4*s - 7. Determine t(2).
1
Let b(m) = 14*m - 21. Give b(12).
147
Let k(a) = -7*a - 1. Give k(-1).
6
Let v(u) = -7*u**2 + 17. Calculate v(-4).
-95
Let h(l) = l**2 + 5*l + 4. Determine h(-3).
-2
Let c(f) = -15*f + 63. Calculate c(8).
-57
Let i(l) = l**3 - 9*l**2 + 2*l - 3. Give i(9).
15
Let i(j) = -32*j + 218. What is i(7)?
-6
Let x(p) = -p**3 + 8*p**2 + 14*p - 11. Determine x(10).
-71
Let u(p) = 2*p**3 + 5*p**2 + 5*p + 2. Calculate u(-3).
-22
Let z(t) = -t**3 - 10*t**2 - 2*t - 5. Calculate z(-10).
15
Let g(t) = -t - 68. Calculate g(-17).
-51
Let x(l) = -l**2 - 4*l + 38. Calculate x(-9).
-7
Let r(m) = -3*m**2 - 67*m + 54. Give r(-23).
8
Let s(c) = -6*c + 3. Calculate s(-8).
51
Let q(a) = -8*a - 26. Give q(6).
-74
Let x(c) = 8*c**2 + 5*c - 17. Determine x(4).
131
Let a(x) = -16*x - 2. Give a(1).
-18
Let h(y) = y**3 - 21*y**2 - 22*y - 6. Calculate h(22).
-6
Let h(w) = 9*w + 48. What is h(-5)?
3
Let o(u) = -8*u + 3. What is o(2)?
-13
Let p(a) = -29*a + 2. What is p(-1)?
31
Let f(j) = 2*j + 45. What is f(-22)?
1
